 82*j. Calculate a(9).
3
Suppose -20 = -5*g, 45*n + g + 20 = 49*n. Let w(x) be the third derivative of 1/60*x**5 - 1/6*x**3 + 0*x**4 - 1/40*x**n + 11*x**2 + 0 + 0*x. Give w(1).
-3
Let x = 44 - 35. Let d(a) be the second derivative of a**5/20 - 5*a**4/6 + 13*a**3/6 - 13*a**2/2 - 3*a. What is d(x)?
23
Suppose 5*f - 2*s - 11 = 105, -s + 2 = 0. Suppose 6*k - 2*k = f. Let h(c) = -k + 2 - c**2 + 2 + 3*c. Calculate h(4).
-6
Let s(l) = l**3 + 10*l**2 + 11*l - 42. Let r(h) = -3*h**3 - 30*h**2 - 29*h + 122. Let x(j) = 6*r(j) + 17*s(j). Give x(-11).
-4
Let a(f) = -20*f**2 + 3 + 14*f + f - 10*f**2 + 31*f**2. Give a(-18).
57
Let b(u) = u**2 - u + 3. Let v(y) = -5*y**2 + 6*y - 14. Let p(o) = -3*b(o) - v(o). Let s be p(2). Let d(j) = -j**3 + 8*j**2 - 4*j - 8. Determine d(s).
13
Let w(z) = -2 - 5 - 9*z - z**2 - 4. Let d(v) = v**2 - 5*v - 9. Let y be d(0). Determine w(y).
-11
Suppose 0 = -5*y + 14*y. Suppose -4*z + 5*c = -36, 2*z = 2*c + 11 + 5. Let p(b) = -2 + 4 - 5 - z - b. What is p(y)?
-7
Let x(h) = 2*h**2 - 3*h + 2. Let r(p) = p**2 - 2*p + 1. Let d(t) = -5*r(t) + 2*x(t). Suppose -4*y + 48*b + 17 = 47*b, y - 7 = 3*b. What is d(y)?
-1
Let p(v) be the second derivative of v**4/12 - 2*v**2 - 5326*v. Give p(6).
32
Let i(n) = 48*n**3 - n + 1. Suppose 27*j + 3*j - 50 = -20*j. Give i(j).
48
Let p(r) = -12*r + 4*r**3 - 3 - r**2 + 2*r - 5*r**3 + 15*r. Let t be p(2). Let o(g) = g**2 + 7*g - 5. Give o(t).
-15
Let l be 7 - (5 - 6)*(6 - 4). Let h(z) = 0 - 8 + l + 8*z. Determine h(-2).
-15
Let w = -81 - -89. Let k(z) = -12*z + 0*z + 0 + w*z - 2. Determine k(4).
-18
Let x(z) be the second derivative of z**4/12 - z**3/6 + z**2/2 - 579*z. Let b be 1 + 1/3*6. Determine x(b).
7
Suppose -5*i = 6*f + 2080, -5*f + 1250 = -3*i - 9*f. Let j = i + 405. Let s(m) = m**3 + 5*m**2 + m + 2. Determine s(j).
-3
Let u(q) = -22*q - 61. Let i be u(-3). Suppose i*z - w + 28 = 0, 3*z - 13*w + 18*w = -28. Let o(v) = -v**3 - 5*v**2 + 6*v - 6. Calculate o(z).
-6
Let k(l) be the second derivative of -l**5/20 - l**4/3 + l**3 + 2*l**2 + 2*l + 4007. Determine k(-5).
-1
Let k(y) = -y - 3. Let x(t) = 33*t - 30. Let m be x(1). Suppose -2*l - 9 = -m*l. What is k(l)?
-12
Let g(p) be the second derivative of -99 + p - 1/6*p**3 - 1/12*p**4 + 5/2*p**2. What is g(4)?
-15
Suppose 4*d + 77 = 10*d - 7. Let c(w) = -w**2 + 18*w - 26. What is c(d)?
30
Let m(l) = 29*l - 6. Let o = 4523 - 4526. Determine m(o).
-93
Let w(o) = -o**2 + 5*o + 6. Suppose 33*z + 24 = 29*z, -2*z = -v + 17. Calculate w(v).
6
Let f(p) = -6*p - 3. Let z = -3 - -10. Let l be 13 + 6*4*(-6)/144. Suppose 15 = z*b - l*b. Give f(b).
15
Let d(q) = 13398*q**2 - 13398*q**2 + 20*q**3 - 2*q + 1. Calculate d(1).
19
Let c be (-24 - -21)*(-9 - (-160)/30). Let d(y) be the second derivative of y**5/20 - 11*y**4/12 - 15*y**2/2 + 2*y. Calculate d(c).
-15
Let f(x) = -2*x**3 + 7*x**2 + 6*x - 1. Let l(w) be the first derivative of 3*w**4/4 - 14*w**3/3 - 6*w**2 + 188. Let k(m) = -5*f(m) - 3*l(m). Calculate k(-6).
5
Let i be (-44)/(-902) - 9981/369. Let v(r) = 6*r + 162. Calculate v(i).
0
Suppose 0 = -9*a + 9 - 30 - 6. Let p(c) = -c**2 + c + 2. Let d = 17 + -28. Let u(z) = -2*z**2 + z + 3. Let o(s) = d*p(s) + 6*u(s). Calculate o(a).
2
Let l(u) = -3*u**3 + 9*u**2 - 23*u + 26. Let q(b) = -4*b**3 + 4*b**2 - 25*b + 25. Let h(m) = -3*l(m) + 2*q(m). Determine h(18).
-10
Let y(h) = h**3 - h**2 - 20*h - 5. Let j = -5656 - -5652. Determine y(j).
-5
Let y(a) = -11*a**2 - 1. Let v = 404 + -419. Let l be 9 + 150/(-12) + v/(-6). Give y(l).
-12
Let p(l) = -8*l**3 - l**2 + 46*l - 4. Let h(z) = 7*z**3 + z**2 - 40*z + 4. Let r(y) = 7*h(y) + 6*p(y). What is r(0)?
4
Suppose 11*d + 34*d + 148 = 119*d. Let s(b) be the second derivative of 1/3*b**3 + 0 + 25*b + 2*b**d. Give s(-6).
-8
Suppose 22 = 24*x - 74. Let b(y) = y**3 - 5*y**2 + 3*y - 2. What is b(x)?
-6
Suppose -3*l + 1585 = -2*o, 0 = -3*l + 13*o - 12*o + 1586. Let q(x) = 12*x - 1061 + l + 533. Give q(-1).
-11
Let y = -9355 + 9355. Let m(c) = -c + 86. Give m(y).
86
Let g(p) be the second derivative of -p**6/720 + p**5/60 - 17*p**4/4 - p**2/2 - 28*p. Let x(b) be the third derivative of g(b). What is x(7)?
-5
Let w be (-5 - (-5 - -3)) + 15. Let t(d) = 5*d - w - 12 + 34 - 8. Suppose v = 2*v + 2. Give t(v).
-8
Let t(j) = -474*j + 16*j + 454*j + 53 + 16*j. Calculate t(-6).
-19
Let a(w) = -2*w + 36. Let h(p) = -p + 18. Let k(f) = 3*a(f) - 5*h(f). Let d be ((-117)/(-45))/13*0. What is k(d)?
18
Let a(t) = t**2 - 9*t - 139. Let i(v) = 48*v + 1265. Let d be i(-26). Calculate a(d).
-3
Let g(t) be the first derivative of -3/2*t**2 + 3 + 6*t. Let u be (28/(-12) - -2)/((92/(-48))/23). Calculate g(u).
-6
Let b(u) = -u + 1. Let h(s) = -s**3 - 7*s**2 - 2*s - 9. Let f(r) = 6*b(r) + h(r). Let j be -10 + (-6 - -16 - 4). Let m be (0 - 4)/(-2)*10/j. What is f(m)?
-13
Let h(n) = 439*n**3 + 6*n**2 - 20*n + 107. Let a(f) = -549*f**3 - 6*f**2 + 21*f - 108. Let y(z) = 4*a(z) + 5*h(z). What is y(6)?
7
Let n be 2 - (-5)/(-15) - ((-46)/(-6) - 8). Let z(g) be the second derivative of 0 - 1/3*g**3 - n*g**2 + 1/12*g**4 - 6*g. Calculate z(4).
4
Suppose 4*q = f + 89, -4*q = -0*f + f + 129. Let r = f + 111. Let c(g) = -r*g**2 - 8 - 9 - g + 15. Calculate c(2).
-12
Let b(x) = -2*x**3 - 8*x**2 + 23*x + 9. Let a(d) = 3*d**3 + 7*d**2 - 28*d - 10. Let j(c) = -3*a(c) - 4*b(c). Calculate j(10).
14
Let p(q) = 99*q + 499. Let s be p(-5). Let i(c) be the second derivative of -1/20*c**5 - 1/3*c**3 + 5/12*c**s + 0 - 4*c + 2*c**2. Calculate i(5).
-6
Let k(m) = m**2 - m - 26. Let l be 51*(-8 + (-552)/(-68)). What is k(l)?
4
Let n(o) be the second derivative of o**5/20 + o**4/2 + 2*o**3/3 - o**2 - 11*o - 1. Give n(-4).
14
Let p(w) be the first derivative of -w**4/4 + 7*w**3/3 - w**2/2 + 9*w + 11625. Let l(d) = -d + 4. Let f be l(5). Let k = 8 + f. What is p(k)?
2
Let v(p) = 0 - 9 + 331*p - 333*p. Let g = 2 - 9. Give v(g).
5
Let t(z) = -1129*z - z**2 + 9*z**3 + 3*z**2 + 2254*z - 1120*z + 4. Give t(-1).
-8
Let h(f) be the first derivative of 3*f**2/2 + 20*f - 2231. What is h(-14)?
-22
Let f(m) = -2*m**3 + 81*m**2 + 115*m + 185. Let o(t) = 3*t**3 - 108*t**2 - 153*t - 252. Let z(r) = -15*f(r) - 11*o(r). What is z(-7)?
-3
Suppose 85 = 16*k - 55 + 12. Let b(i) = -6*i + 8. Give b(k).
-40
Let v(j) = -24*j + 10 + 15*j - 10*j**2 - j**3 + 18*j. What is v(-11)?
32
Let j(h) = -6*h**3 - 30*h**2 - 15*h - 11. Let y(r) = r**3 + 4*r**2 + r - 1. Let z(p) = j(p) + 5*y(p). Determine z(-9).
-7
Let v(u) = 2*u**3 - u - 1. Let y(g) = -14*g**3 - 3*g**2 + 11*g + 8. Let i(w) = 8*v(w) + y(w). Let o = 20 + -16. Suppose k = 3*k - o. Give i(k).
10
Let s(d) = d**3 + 11*d**2 + 8*d + 2. Let o(v) = 2*v**3 + 22*v**2 + 16*v + 3. Suppose -110 = -9*u - 29. Let f(i) = u*s(i) - 4*o(i). What is f(-10)?
26
Let n(i) = -i + 10. Let s(q) = 8*q**3 - 2*q**2 + 4*q - 2. Let p = 175 + -174. Let w be s(p). Calculate n(w).
2
Let x(c) = 50*c + 949. Let t be ((-32)/20)/((-35)/(-25) - 1) - 15. Calculate x(t).
-1
Let i(t) be the first derivative of 5/2*t**2 - 3*t - 40 - t**3. Calculate i(4).
-31
Let x(a) = -4*a - 1. Suppose -2*p + 6 + 0 = 0. Suppose -2*n + 4*f - 12 = 0, 0 = n - f - 0*f + p. Let l(z) = z**3 - z - 1. Let j be l(n). Determine x(j).
3
Let c(y) = y**2 - 6*y - 11. Let s(p) = 8*p**2 + p - 9. Let z be s(6). Suppose -8*o - 221 + z = 0. Determine c(o).
5
Suppose y = 4 + 20. Let f be (y/(-20))/(10/(-25)). Let b(m) = -3*m - 1 - 2*m**3 + f*m**3 + 3 - m**2. Determine b(3).
11
Suppose 27 = 8*r - 5. Let c(k) = -6*k - 2*k + k + 7*k + k**3 - r*k**2 - 4 + k. Calculate c(5).
26
Suppose -4*y + f + 8 = 0, 3*y - 7*y + 24 = 3*f. Suppose -y*v + 0*b + b = 15, 0 = -4*v - 2*b - 30. Let i(l) = l. Determine i(v).
-6
Let t(r) = 5 + 8 + 4*r - 30 + 14. Let x(h) = -2*h - 14. Suppose -3*o - 3*o = 48. Let g be x(o). What is t(g)?
5
Suppose 17*z = 974 + 1100. Suppose o - z = -129. Let l(j) = j**3 + 7*j**2 + j + 4. What is l(o)?
-3
Let u = -1 - 1. Let k(j) be the first derivative of 3*j + 5/2*j**2 + 114. Calculate k(u).
-7
Let k(r) = -r**3 - 6*r**2 - 14*r - 43. Let s be k(-5). Let x(u) = -4*u - 7*u + s - 1 + 3*u. Give x(-2).
17
Suppose -4*n - 3*z + 8*z = 2, -2*n + z = 4. Let q be 7 - 10 - 15/n. Let d(h) = -10*h - 2. Calculate d(q).
-22
Let r(p) = 13*p + 137. Let q be r(-8). Suppose 66*n - q = 77*n. Let j(z) = -17*z - 12. Let l(x) = -6*x - 4. Let v(k) = -